{"id":81,"date":"2020-09-25T15:36:10","date_gmt":"2020-09-25T18:36:10","guid":{"rendered":"https:\/\/ti-qubit.com.br\/?page_id=81"},"modified":"2020-09-25T15:45:55","modified_gmt":"2020-09-25T18:45:55","slug":"network-security","status":"publish","type":"page","link":"https:\/\/ti-qubit.com.br\/index.php\/network-security\/","title":{"rendered":"Network &#038; Security"},"content":{"rendered":"\n<h2 class=\"has-cyan-bluish-gray-color has-text-color has-normal-font-size wp-block-heading\">Desenvolvemos projetos voltados a networking com aplica\u00e7\u00e3o de camada 2, camada 3 e camada 7. Criamos uma metodologia que permite a absor\u00e7\u00e3o do legado de equipamentos e maximiza\u00e7\u00e3o da utiliza\u00e7\u00e3o dos recursos. Participamos de v\u00e1rios projetos nesta \u00e1rea como Banco Schahin, BMC, Camargo Correa, Verity, entre outros.<br>Somos parceiros da Cisco, Avaya, Sophos e Eset.<\/h2>\n","protected":false},"excerpt":{"rendered":"<p>Desenvolvemos projetos voltados a networking com aplica\u00e7\u00e3o de camada 2, camada 3 e camada 7. Criamos uma metodologia que permite a absor\u00e7\u00e3o do legado de equipamentos e maximiza\u00e7\u00e3o da utiliza\u00e7\u00e3o dos recursos. Participamos de v\u00e1rios projetos nesta \u00e1rea como Banco Schahin, BMC, Camargo Correa, Verity, entre outros.Somos parceiros da Cisco, Avaya, Sophos e Eset.<\/p>\n","protected":false},"author":1,"featured_media":0,"parent":0,"menu_order":0,"comment_status":"closed","ping_status":"closed","template":"","meta":{"footnotes":""},"class_list":["post-81","page","type-page","status-publish","hentry"],"_links":{"self":[{"href":"https:\/\/ti-qubit.com.br\/index.php\/wp-json\/wp\/v2\/pages\/81","targetHints":{"allow":["GET"]}}],"collection":[{"href":"https:\/\/ti-qubit.com.br\/index.php\/wp-json\/wp\/v2\/pages"}],"about":[{"href":"https:\/\/ti-qubit.com.br\/index.php\/wp-json\/wp\/v2\/types\/page"}],"author":[{"embeddable":true,"href":"https:\/\/ti-qubit.com.br\/index.php\/wp-json\/wp\/v2\/users\/1"}],"replies":[{"embeddable":true,"href":"https:\/\/ti-qubit.com.br\/index.php\/wp-json\/wp\/v2\/comments?post=81"}],"version-history":[{"count":3,"href":"https:\/\/ti-qubit.com.br\/index.php\/wp-json\/wp\/v2\/pages\/81\/revisions"}],"predecessor-version":[{"id":101,"href":"https:\/\/ti-qubit.com.br\/index.php\/wp-json\/wp\/v2\/pages\/81\/revisions\/101"}],"wp:attachment":[{"href":"https:\/\/ti-qubit.com.br\/index.php\/wp-json\/wp\/v2\/media?parent=81"}],"curies":[{"name":"wp","href":"https:\/\/api.w.org\/{rel}","templated":true}]}}