{"id":88,"date":"2020-09-25T15:40:29","date_gmt":"2020-09-25T18:40:29","guid":{"rendered":"https:\/\/ti-qubit.com.br\/?page_id=88"},"modified":"2020-09-25T15:45:36","modified_gmt":"2020-09-25T18:45:36","slug":"engenharia","status":"publish","type":"page","link":"https:\/\/ti-qubit.com.br\/index.php\/engenharia\/","title":{"rendered":"Engenharia"},"content":{"rendered":"\n<p class=\"has-cyan-bluish-gray-color has-text-color has-normal-font-size\">Atendemos projetos de m\u00e9da e baixa tens\u00e3o. Fazemos a entrada e acompanhamento de processos junto \u00e0s concession\u00e1rias de energia el\u00e9trica. Realizamos instala\u00e7\u00f5es de cabine prim\u00e1ria e laudos t\u00e9cnicos\/periciais. Realizamos tamb\u00e9m a medi\u00e7\u00e3o da qualidade de energia el\u00e9trica atrav\u00e9s de equipamentos como Fluke 433.<\/p>\n","protected":false},"excerpt":{"rendered":"<p>Atendemos projetos de m\u00e9da e baixa tens\u00e3o. Fazemos a entrada e acompanhamento de processos junto \u00e0s concession\u00e1rias de energia el\u00e9trica. Realizamos instala\u00e7\u00f5es de cabine prim\u00e1ria e laudos t\u00e9cnicos\/periciais. Realizamos tamb\u00e9m a medi\u00e7\u00e3o da qualidade de energia el\u00e9trica atrav\u00e9s de equipamentos como Fluke 433.<\/p>\n","protected":false},"author":1,"featured_media":0,"parent":0,"menu_order":0,"comment_status":"closed","ping_status":"closed","template":"","meta":{"footnotes":""},"class_list":["post-88","page","type-page","status-publish","hentry"],"_links":{"self":[{"href":"https:\/\/ti-qubit.com.br\/index.php\/wp-json\/wp\/v2\/pages\/88","targetHints":{"allow":["GET"]}}],"collection":[{"href":"https:\/\/ti-qubit.com.br\/index.php\/wp-json\/wp\/v2\/pages"}],"about":[{"href":"https:\/\/ti-qubit.com.br\/index.php\/wp-json\/wp\/v2\/types\/page"}],"author":[{"embeddable":true,"href":"https:\/\/ti-qubit.com.br\/index.php\/wp-json\/wp\/v2\/users\/1"}],"replies":[{"embeddable":true,"href":"https:\/\/ti-qubit.com.br\/index.php\/wp-json\/wp\/v2\/comments?post=88"}],"version-history":[{"count":2,"href":"https:\/\/ti-qubit.com.br\/index.php\/wp-json\/wp\/v2\/pages\/88\/revisions"}],"predecessor-version":[{"id":100,"href":"https:\/\/ti-qubit.com.br\/index.php\/wp-json\/wp\/v2\/pages\/88\/revisions\/100"}],"wp:attachment":[{"href":"https:\/\/ti-qubit.com.br\/index.php\/wp-json\/wp\/v2\/media?parent=88"}],"curies":[{"name":"wp","href":"https:\/\/api.w.org\/{rel}","templated":true}]}}